 and o?
2
Let a be (-16)/(-14) + 2993/511. Calculate the greatest common factor of a and 53.
1
Let w be 0*(-4 + 5 - 0/(-1)). Suppose 20*k = 23*k + 9. Let h be w - ((-9)/k - (-6 + 21)). What is the greatest common factor of 78 and h?
6
Let n(a) = 2*a**2 - 4 - 1 + 12*a + 8 - 7*a. Let f = -7 + 1. Let v be n(f). What is the greatest common divisor of v and 18?
9
Let f be 8/(-52) + (944/52 - -9). Suppose 135 = -0*b + 5*b. Calculate the highest common factor of f and b.
27
Let b be 91*(-20 - -17)*2/(-6). What is the greatest common divisor of 26 and b?
13
Suppose 3*s - 2836 = q, 0*s - q = 4*s - 3772. Let u(m) = 59*m**3 + m - 1. Let v be u(1). Calculate the highest common divisor of v and s.
59
Let n(j) = -19*j - 339. Let c be n(-22). What is the highest common factor of c and 3713?
79
Suppose 14*r - 89 = -33. Let q be ((-6)/10)/(488/(-120) + r). Calculate the greatest common factor of q and 144.
9
Suppose -38*i + 183*i = -302*i + 59004. Let w be 592/3 + (-4)/(-6). What is the greatest common factor of i and w?
66
Let b = -69 - -123. Suppose -11*w = -9*w - b. Let v = 534 + -516. Calculate the highest common factor of v and w.
9
Suppose -47*l - 124*l + 53172 = 40*l. What is the greatest common divisor of l and 924?
84
Let c = -67 + 71. Suppose 4*u - 5*j = 0, -u = 2*u - c*j. Suppose 2*i = -3*p + 2 + 14, -4*p + 16 = u. What is the greatest common factor of 3 and i?
1
Suppose -17 - 13 = -6*g. Suppose v - g = -4. Let b be v/(-7) + (-16390)/(-70). What is the greatest common factor of 13 and b?
13
Let f be (-1)/(125/(-6260)) + 2*(-7)/175. What is the highest common factor of 8350 and f?
50
Let h(y) be the first derivative of 9*y**2/2 + 2*y - 48. Let r be h(1). What is the greatest common factor of r and 55?
11
Let n(i) = 18*i + 144. Let j be n(-5). Let c = j - -434. What is the greatest common factor of 61 and c?
61
Let r = 12 - 78. Let j = 102 + r. Let y = 15 - 6. What is the highest common divisor of j and y?
9
Suppose -2*w - 4*l - 20 + 66 = 0, -15*l + 120 = 5*w. Calculate the greatest common divisor of 31731 and w.
21
Let q = -898 - -527. Let w = q + 407. What is the greatest common divisor of 90 and w?
18
Suppose -4*r = -16, -y - 4*r = 2*y + 182. Let f = y - -78. Suppose 0 = f*k - 142 + 10. Calculate the greatest common factor of 33 and k.
11
Let z(t) = -117*t + t**2 + 65*t + 57*t - 39. Let g be z(5). What is the greatest common divisor of 1 and g?
1
Suppose 11 - 1 = 5*t. Let m be (-675)/(-60) - t/8. Suppose -3*b + 47 - 14 = 0. What is the highest common factor of b and m?
11
Let o(w) = 11 - 2*w + 28 + 26 + 7. Let z be o(12). Calculate the greatest common divisor of 216 and z.
24
Let y(r) = 52*r**2 - 482*r - 20. Let t be y(11). What is the highest common factor of 130 and t?
10
Suppose -n + 5*b + 698 - 681 = 0, -67 = -3*n - b. What is the highest common factor of 4994 and n?
22
Suppose -u = -4*f + 253, 2*u + f + 0*f = -461. Let i = u - -272. What is the highest common factor of 65 and i?
13
Let u = 65270 + -65265. Let o = -3 + 6. Suppose -14 = -o*y + 46. Calculate the greatest common factor of u and y.
5
Suppose -16*u + 197 = -2843. Let m = u - 180. Calculate the highest common factor of m and 50.
10
Let q(c) = -3*c + 2*c + 8*c + 41*c**2 + 4 - 30*c**2. Let j be q(-2). Let n be 60615/162 - (-2)/(-12). Calculate the highest common divisor of n and j.
34
Let k be (-32)/(-3)*(4 + -1). Suppose 35*s - 31*s + 420 = 0. Let u be 15/s - (-1121)/7. Calculate the highest common factor of k and u.
32
Let f be (-35 - 284)*(-3 - -2). Let k = 399 - f. What is the greatest common divisor of 140 and k?
20
Let b = 501 - 492. Let i be (-2 - -4) + -5 + 441/b. Suppose 5*j = j + 92. What is the highest common factor of j and i?
23
Let v(h) be the second derivative of h**5/20 + h**4/6 - 5*h**3/3 + h**2 - 76*h. Let s be v(-4). What is the greatest common factor of 580 and s?
10
Suppose -3*w + r = -4258, w + 4*r - 1441 = -0*r. Let h = -827 + w. Calculate the greatest common divisor of h and 11.
11
Let m be (-13 + 155/10)*(-4)/(-2). What is the highest common factor of m and 6880?
5
Suppose 0 = 2*o - 3*k - 114, 0 = o - 5*k - 73 + 16. Let q be 6/o + (4 - (-37602)/171). Calculate the greatest common factor of q and 98.
14
Suppose v - 6 = -a, -2*a = -4*a + 2*v + 20. Let t be (0 - (3 + 1)) + a. Let o = 8 + t. What is the greatest common factor of o and 6?
6
Let n be (-2)/5*-12*945/108. What is the greatest common divisor of 10626 and n?
42
Let h = 81 - -213. What is the highest common factor of 18 and h?
6
Let v be 56/8 - -1*301. Let t = v + -53. What is the greatest common factor of 45 and t?
15
Let i = -65 + 205. Suppose 3*o - 1084 = 38*o - 3044. Calculate the greatest common factor of o and i.
28
Suppose 0 = 118*i - 123*i + 2*b + 54418, i - 2*b - 10898 = 0. What is the greatest common divisor of 255 and i?
85
Suppose -4*u - 57 = 51. Let r(l) = -l**2 - 27*l + 50. Let h be r(u). Calculate the highest common factor of 20 and h.
10
Let k be 4/1*-36*(-35)/28. Suppose -k = 3*c - 612. What is the greatest common factor of c and 12?
12
Suppose 1492 = 30*r + 15*r - 623. What is the highest common factor of 5264 and r?
47
Let j(a) = 2*a + 8. Let i be j(8). Let w = i + 4. Suppose b = h - 3*h + 11, b = h - 1. Calculate the highest common divisor of h and w.
4
Let j be 3/(-4)*(2 + -30). Let i(l) = 80*l + 15031. Let u be i(-185). Calculate the greatest common divisor of u and j.
21
Suppose -468 = -3*i - 3*n + 75, -4*i + 2*n + 754 = 0. Calculate the highest common divisor of i and 33.
3
Let m(b) be the third derivative of b**5/20 + 5*b**4/4 - 17*b**3/2 + 9*b**2 + 4. Let p be m(-14). What is the greatest common factor of 39 and p?
39
Let q(x) = -5*x**2 + 79*x + 105. Let w be q(12). What is the highest common divisor of w and 72?
9
Let v be (4/9)/(434/25389). What is the highest common factor of v and 26?
26
Let d(n) = 7*n**2 + 49*n + 9. Let s = -84 + 77. Let l be d(s). Let z = -45 + 108. Calculate the highest common divisor of z and l.
9
Suppose 0 = 4*t + 8, -5*s + 98522 = 4*t + 25450. What is the highest common divisor of 36 and s?
36
Suppose -19 = -10*t + 201. Suppose -35 = -27*o + t*o. What is the greatest common factor of 84 and o?
7
Let a = -2293 + 3848. Calculate the greatest common divisor of 10 and a.
5
Let d = 15 - 1. Let i(m) = m**2 - 9*m. Let f be i(d). Calculate the highest common factor of f and 28.
14
Let g(t) = -24*t - 6. Let l be g(-11). Suppose 1475*r - 144 = 729*r + 722*r. What is the highest common divisor of r and l?
6
Let d be 2/(-4) + 482/4. Let f(u) = u**2 - 450*u + 9084. Let z be f(21). Calculate the greatest common factor of z and d.
15
Let i(v) = v**2 - 8*v - 9. Let h be 1182/90 - (-2)/(-15). Suppose 3*a + h - 49 = 0. Let w be i(a). What is the greatest common factor of w and 13?
13
Let w(t) = -t**2 + t + 20. Let i be w(-4). Let o be (2 - i) + (6 - -6) + 130. Calculate the greatest common divisor of 648 and o.
72
Suppose 6067*m - 93 = 6064*m. Calculate the greatest common factor of 837 and m.
31
Let h(z) = -5*z - 102. Let v be h(-21). Let l be 9 + (5/3)/(1/v). Let t = -4 + 32. Calculate the greatest common factor of l and t.
14
Suppose -17*w - 4 = 13. Let z be (-17)/(-12 - (-10 + w)). Let l = -41 + 58. What is the greatest common divisor of z and l?
17
Suppose -5*v = -182 + 7. Let w be (-105)/6*(2 + (-418)/95). Calculate the greatest common divisor of v and w.
7
Let c = 22681 - 9906. What is the highest common divisor of c and 175?
175
Let g(a) = -3*a**3 - 19*a**2 - 51*a - 38. Let q be g(-2). Let y(i) = -i. Let m be y(2). Let v = 14 + m. Calculate the greatest common factor of q and v.
12
Let p = -25 + 36. Let l be 39 + p + -1 + -6. What is the highest common factor of l and 86?
43
Suppose 14*u - 202*u = -17672. Calculate the greatest common divisor of u and 141.
47
Let p(s) = s**3 - 19*s**2 + 18*s + 23. Let l be 24/(-2)*(-7 + (-55)/(-10)). Let n be p(l). What is the greatest common factor of n and 184?
23
Let q = -113 - -89. Let c be (-6 - q)/6 - (-173 + 0). What is the highest common divisor of 66 and c?
22
Let i(t) = t**3 + 5*t**2 - 8. Let h be i(-3). Suppose d = -0*d + 190. What is the greatest common divisor of d and h?
10
Let y(x) = 9 - 5*x**2 + x**3 - 15 + x + 4. Let d be y(5). Suppose 5*a = -t, d*a - 11 - 3 = -2*t. What is the highest common divisor of 50 a